11210012 (base 4) in base 12?
-11232
-176 (base 11) to base 3
-21120
-121000 (base 3) to base 15
-1dc
What is 771 (base 10) in base 14?
3d1
Convert 312312 (base 5) to base 11.
7843
-2d8 (base 16) to base 3
-222222
-134 (base 5) to base 3
-1122
What is 11112 (base 6) in base 10?
1556
Convert -22e2 (base 16) to base 9.
-13222
What is -54152 (base 7) in base 14?
-4c99
6d7 (base 16) to base 2
11011010111
122221121 (base 3) to base 7
53101
What is -982 (base 14) in base 11?
-1458
Convert -b1a (base 12) to base 7.
-4453
48cb (base 14) to base 10
12723
12332 (base 8) to base 3
21022201
-410 (base 10) to base 7
-1124
What is -ce1 (base 15) in base 11?
-2207
Convert -b21 (base 13) to base 7.
-5333
What is -11120122 (base 3) in base 10?
-3338
-18003 (base 10) to base 2
-100011001010011
Convert -236c (base 13) to base 5.
-124431
What is -141a (base 11) in base 6?
-12300
Convert 281 (base 11) to base 14.
199
What is -330 (base 14) in base 6?
-2530
What is -110100010101 (base 2) in base 13?
-16a8
Convert 8815 (base 9) to base 15.
1dce
Convert 303032 (base 4) to base 7.
12362
8e5 (base 15) to base 10
2015
-2220102 (base 3) to base 14
-ab3
What is -31140 (base 5) in base 2?
-11111111101
Convert -10cb (base 14) to base 9.
-4007
What is -15235 (base 7) in base 13?
-1c12
What is -22619 (base 12) in base 9?
-68753
Convert -1101110101 (base 2) to base 4.
-31311
Convert -2242 (base 6) to base 11.
-442
Convert -132c (base 14) to base 15.
-eec
-886 (base 15) to base 16
-786
2211112 (base 3) to base 6
13322
Convert 11010000 (base 2) to base 9.
251
What is 10141 (base 11) in base 9?
22272
What is -19c (base 14) in base 7?
-655
563 (base 8) to base 12
26b
-110220 (base 3) to base 8
-534
What is -206 (base 14) in base 9?
-482
128 (base 10) to base 5
1003
212331 (base 4) to base 7
10161
What is -8298 (base 10) in base 11?
-6264
657 (base 12) to base 11
777
Convert 1656 (base 14) to base 15.
12b6
Convert 3127 (base 11) to base 10.
4143
452 (base 14) to base 6
3544
413 (base 6) to base 7
306
What is -13131 (base 5) in base 12?
-729
501 (base 9) to base 3
120001
2423 (base 10) to base 9
3282
Convert -62603 (base 7) to base 4.
-3300131
-1434 (base 6) to base 10
-382
Convert 10012220 (base 3) to base 16.
92a
-22030 (base 6) to base 13
-1500
What is -61a (base 13) in base 10?
-1037
What is -565 (base 12) in base 7?
-2216
-16b2 (base 15) to base 5
-124032
1233 (base 4) to base 3
11010
Convert -3732 (base 16) to base 4.
-3130302
1141452 (base 6) to base 2
1110101001101000
Convert -61b (base 16) to base 13.
-933
What is 1d25 (base 14) in base 15?
18a0
What is 27754 (base 9) in base 10?
18841
Convert -117 (base 12) to base 16.
-a3
-1461 (base 7) to base 9
-716
-2330 (base 11) to base 12
-192a
Convert -6211 (base 7) to base 15.
-994
-4451 (base 6) to base 5
-13124
1270 (base 8) to base 10
696
-952 (base 12) to base 8
-2516
21303 (base 5) to base 2
10110101101
What is -3bed (base 15) in base 2?
-11001000010111
Convert 4420 (base 9) to base 13.
1638
5a727 (base 11) to base 5
10244031
-484 (base 9) to base 5
-3100
Convert -42 (base 5) to base 13.
-19
33 (base 10) to base 6
53
14 (base 15) to base 13
16
Convert 6334 (base 8) to base 12.
1aa4
-1876 (base 15) to base 4
-1102212
Convert 2a6bb (base 12) to base 16.
e96f
What is 21011 (base 4) in base 13?
359
112220222 (base 3) to base 15
3355
Convert -1976 (base 13) to base 4.
-323213
-6102 (base 10) to base 7
-23535
What is -2332333 (base 4) in base 10?
-12223
111001101111 (base 2) to base 15
1165
-3400 (base 5) to base 10
-475
-6037 (base 11) to base 5
-224101
17a (base 12) to base 2
11101110
What is -1410002 (base 5) in base 8?
-70120
-4763 (base 9) to base 13
-17c4
Convert 1602 (base 7) to base 14.
339
22323 (base 11) to base 7
163156
What is -10203 (base 4) in base 9?
-353
What is -111011111110 (base 2) in base 9?
-5234
Convert -383 (base 10) to base 8.
-577
293 (base 10) to base 11
247
What is -3434 (base 11) in base 10?
-4514
123130 (base 5) to base 9
6512
Convert 1100110000 (base 2) to base 4.
30300
Convert -23a55 (base 12) to base 16.
-bc21
-65a (base 15) to base 16
-59b
What is 100100 (base 2) in base 3?
1100
51230 (base 6) to base 14
268a
Convert -2150 (base 7) to base 14.
-3d0
What is -223300 (base 4) in base 6?
-20544
-4ad (base 14) to base 12
-661
What is 2b6e (base 15) in base 12?
5495
3b52 (base 12) to base 2
1101010101110
Convert -7262 (base 9) to base 16.
-14c9
Convert -159a (base 12) to base 6.
-15514
What is 2c24 (base 14) in base 5?
222442
-12011100 (base 3) to base 15
-11ac
104423 (base 5) to base 9
5113
77269 (base 10) to base 16
12dd5
-919 (base 14) to base 8
-3373
101231 (base 4) to base 2
10001101101
What is -627 (base 16) in base 6?
-11143
Convert -1211 (base 7) to base 6.
-2025
Convert -6000 (base 7) to base 4.
-200022
Convert -100113 (base 5) to base 15.
-e08
-736 (base 11) to base 10
-886
-28b (base 16) to base 2
-1010001011
-304305 (base 6) to base 10
-24305
What is -c202 (base 14) in base 3?
-1200201011
101101000001 (base 2) to base 9
3851
What is -13036 (base 9) in base 13?
-3cc6
Convert 514 (base 10) to base 2.
1000000010
What is -1001111100 (base 2) in base 9?
-776
What is 52127 (base 8) in base 10?
21591
-316 (base 9) to base 12
-196
What is -3466 (base 7) in base 16?
-4f9
11004 (base 5) to base 4
23302
-103442 (base 6) to base 16
-2192
101421 (base 5) to base 8
6441
63b1 (base 14) to base 6
211355
2c4 (base 15) to base 13
39a
102101 (base 3) to base 12
217
What is -15e (base 15) in base 2?
-100111010
22013 (base 4) to base 2
1010000111
Convert -1330 (base 6) to base 10.
-342
-12211 (base 4) to base 2
-110100101
10001010011 (base 2) to base 3
1112000
What is 443111 (base 5) in base 8?
36056
Convert 5343 (base 7) to base 16.
765
Convert -302 (base 6) to base 12.
-92
Convert -220010 (base 3) to base 2.
-1010001011
Convert -1526 (base 11) to base 2.
-11110101100
What is -65746 (base 8) in base 15?
-82b7
What is 11120111 (base 3) in base 15?
ec4
What is 9322 (base 16) in base 4?
21030202
What is -11103 (base 5) in base 13?
-47b
46644 (base 9) to base 13
11239
Convert -5dd (base 14) to base 3.
-1121112
What is 123 (base 7) in base 5?
231
What is 543 (base 7) in base 5?
2101
Convert -4486 (base 10) to base 12.
-271a
What is -34359 (base 12) in base 8?
-207765
What is -c3 (base 13) in base 14?
-b5
Convert 8a (base 12) to base 10.
106
Convert -1236 (base 9) to base 8.
-1634
What is -470 (base 14) in base 11?
-732
What is 55341 (base 6) in base 11?
5864
Convert -2100210202 (base 3) to base 10.
-46514
What is 303312 (base 4) in base 13?
1683
-238 (base 11) to base 15
-13d
213 (base 14) to base 9
504
What is -1110202 (base 3) in base 8?
-2061
What is -79 (base 14) in base 4?
-1223
Convert 111110101000110 (base 2) to base 16.
7d46
Convert 2110 (base 15) to base 9.
10526
What is a17 (base 15) in base 11?
1786
What is 22863 (base 9) in base 3?
202222010
What is 21022 (base 4) in base 7?
1465
-240 (base 10) to base 6
-1040
-454 (base 7) to base 11
-1a4
What is -4621 (base 8) in base 10?
-2449
Convert -64 (base 8) to base 5.
-202
Convert -4389 (base 10) to base 15.
-1479
-8eff (base 16) to base 10
-36607
Convert 5255 (base 8) to base 15.
c23
-22000 (base 3) to base 15
-e6
177577 (base 8) to base 5
4043112
What is -112102121 (base 3) in base 15?
-31b4
What is -154240 (base 6) in base 7?
-62235
What is -150100 (base 6) in base 16?
-37d4
784 (base 12) to base 10
1108
What is -1213 (base 9) in base 16?
-387
10b (base 12) to base 4
2123
What is 36f6 (base 16) in base 7?
56010
What is 235a (base 16) in base 7?
35246
What is -13144 (base 10) in base 6?
-140504
-1030130 (base 4) to base 12
-29b8
What is -1020120220 (base 3) in base 14?
-8cd0
What is -704 (base 8) in base 11?
-381
What is 5737 (base 10) in base 16?
1669
Convert 16143 (base 7) to base 16.
11bb
What is -22022001 (base 3) in base 9?
-8261
Convert 2c6 (base 13) to base 4.
13310
Convert -29d6 (base 14) to base 8.
-16420
-230 (base 10) to base 15
-105
Convert 28c5 (base 13) to base 12.
3503
What is -196 (base 16) in base 5?
-3111
-17665 (base 11) to base 2
-110000010110011
What is 2100001221 (base 3) in base 4?
23032123
-1035 (base 7) to base 11
-306
What is -20201022 (base 3) in base 14?
-1ad9
-1885 (base 10) to base 16
-75d
Convert -30809 (base 11) to base 15.
